{"id":2813,"date":"2026-02-09T03:52:48","date_gmt":"2026-02-09T03:52:48","guid":{"rendered":"https:\/\/lightkeeperbooks.com\/index.php\/henry-learns-to-praytranslations\/"},"modified":"2026-02-09T03:52:48","modified_gmt":"2026-02-09T03:52:48","slug":"henry-learns-to-praytranslations","status":"publish","type":"page","link":"https:\/\/lightkeeperbooks.com\/index.php\/henry-learns-to-praytranslations\/","title":{"rendered":"Henry Learns to PrayTranslations"},"content":{"rendered":"<h1 dir=\"auto\">Henry Learns to Pray<\/h1>\n<h3 dir=\"auto\">Translations<\/h3>\n<p dir=\"auto\" class=\"body\"><span>Japanese<\/span><\/p>\n<p class=\"body-large\" dir=\"auto\"><span><strong>\u306f\u308b\u304d\u306f\u304a\u7948\u308a\u3092\u5b66\u3073\u307e\u3059 [Haruki]<\/strong><\/span><\/p>\n<p class=\"body\" dir=\"auto\"><span>\u3053\u306e\u672c\u306f\u3001\u3042\u306a\u305f\u306e\u3088\u3046\u306a\u4fe1\u4ef0\u8005\u305f\u3061\u304c\u611b\u3092\u8fbc\u3081\u3066\u7121\u511f\u3067\u5dee\u3057\u51fa\u3057\u305f\u8d08\u308a\u7269\u3067\u3059\u3002<\/span><\/p>\n<p dir=\"auto\" class=\"body\"><span>Korean<\/span><\/p>\n<p class=\"body-large\" dir=\"auto\"><span><strong>\uc900\ud638\ub294 \uae30\ub3c4\ud558\ub294 \ubc95\uc744 \ubc30\uc6cc\uc694 [Joon-ho]<\/strong><\/span><\/p>\n<p class=\"body\" dir=\"auto\"><span>\uc774 \ucc45\uc740 \uc5ec\ub7ec\ubd84\uacfc \uac19\uc740 \ubbff\uc74c\uc758 \uc0ac\ub78c\ub4e4\uc774 \uc0ac\ub791\uc73c\ub85c \uae30\uaebc\uc774 \uc804\ud574\uc900 \uc120\ubb3c\uc785\ub2c8\ub2e4.<\/span><\/p>\n<p dir=\"auto\" class=\"body\"><span>Mandarin<\/span><\/p>\n<p class=\"body-large\" dir=\"auto\"><span><strong>\u5c0f\u660e\u5b66\u4f1a\u4e86\u7977\u544a [Xiaoming]<\/strong><\/span><\/p>\n<p class=\"body\" dir=\"auto\"><span>\u8fd9\u672c\u4e66\u662f\u4e00\u4efd\u6ee1\u6709\u7231\u5fc3\u7684\u793c\u7269\uff0c\u7531\u50cf\u4f60\u4e00\u6837\u7684\u4fe1\u5f92\u7518\u5fc3\u9001\u51fa\u3002<\/span><\/p>\n<p dir=\"auto\" class=\"body\"><span>Thai<\/span><\/p>\n<p class=\"body-large\" dir=\"auto\"><span><strong>\u0e18\u0e31\u0e19\u0e27\u0e32\u0e40\u0e23\u0e35\u0e22\u0e19\u0e23\u0e39\u0e49\u0e17\u0e35\u0e48\u0e08\u0e30\u0e2d\u0e18\u0e34\u0e29\u0e10\u0e32\u0e19 [Thanwa]<\/strong><\/span><\/p>\n<p class=\"body\" dir=\"auto\"><span>\u0e2b\u0e19\u0e31\u0e07\u0e2a\u0e37\u0e2d\u0e40\u0e25\u0e48\u0e21\u0e19\u0e35\u0e49\u0e40\u0e1b\u0e47\u0e19\u0e02\u0e2d\u0e07\u0e02\u0e27\u0e31\u0e0d\u0e41\u0e2b\u0e48\u0e07\u0e04\u0e27\u0e32\u0e21\u0e23\u0e31\u0e01 \u0e21\u0e2d\u0e1a\u0e43\u0e2b\u0e49\u0e42\u0e14\u0e22\u0e1c\u0e39\u0e49\u0e40\u0e0a\u0e37\u0e48\u0e2d\u0e17\u0e35\u0e48\u0e40\u0e2b\u0e21\u0e37\u0e2d\u0e19\u0e01\u0e31\u0e1a\u0e04\u0e38\u0e13\u0e14\u0e49\u0e27\u0e22\u0e04\u0e27\u0e32\u0e21\u0e40\u0e15\u0e47\u0e21\u0e43\u0e08<\/span><\/p>\n<p dir=\"auto\" class=\"body\"><span>Vietnamese<\/span><\/p>\n<p class=\"body-large\" dir=\"auto\"><span><strong>Nam h\u1ecdc c\u1ea7u nguy\u1ec7n [Nam]<\/strong><\/span><\/p>\n<p class=\"body\" dir=\"auto\"><span>Cu\u1ed1n s\u00e1ch n\u00e0y l\u00e0 m\u00f3n qu\u00e0 y\u00eau th\u01b0\u01a1ng, \u0111\u01b0\u1ee3c trao t\u1eb7ng c\u00e1ch vui l\u00f2ng b\u1edfi nh\u1eefng t\u00edn h\u1eefu gi\u1ed1ng nh\u01b0 b\u1ea1n.<\/span><\/p>\n","protected":false},"excerpt":{"rendered":"<p>Henry Learns to Pray Translations Japanese \u306f\u308b\u304d\u306f\u304a\u7948\u308a\u3092\u5b66\u3073\u307e\u3059 [Haruki] \u3053\u306e\u672c\u306f\u3001\u3042\u306a\u305f\u306e\u3088\u3046\u306a\u4fe1\u4ef0\u8005\u305f\u3061\u304c\u611b\u3092\u8fbc\u3081\u3066\u7121\u511f\u3067\u5dee\u3057\u51fa\u3057\u305f\u8d08\u308a\u7269\u3067\u3059\u3002 Korean \uc900\ud638\ub294 \uae30\ub3c4\ud558\ub294 \ubc95\uc744 \ubc30\uc6cc\uc694 [Joon-ho] \uc774 \ucc45\uc740 \uc5ec\ub7ec\ubd84\uacfc \uac19\uc740 \ubbff\uc74c\uc758 \uc0ac\ub78c\ub4e4\uc774 \uc0ac\ub791\uc73c\ub85c \uae30\uaebc\uc774 \uc804\ud574\uc900 \uc120\ubb3c\uc785\ub2c8\ub2e4. Mandarin \u5c0f\u660e\u5b66\u4f1a\u4e86\u7977\u544a [Xiaoming] \u8fd9\u672c\u4e66\u662f\u4e00\u4efd\u6ee1\u6709\u7231\u5fc3\u7684\u793c\u7269\uff0c\u7531\u50cf\u4f60\u4e00\u6837\u7684\u4fe1\u5f92\u7518\u5fc3\u9001\u51fa\u3002 Thai \u0e18\u0e31\u0e19\u0e27\u0e32\u0e40\u0e23\u0e35\u0e22\u0e19\u0e23\u0e39\u0e49\u0e17\u0e35\u0e48\u0e08\u0e30\u0e2d\u0e18\u0e34\u0e29\u0e10\u0e32\u0e19 [Thanwa] \u0e2b\u0e19\u0e31\u0e07\u0e2a\u0e37\u0e2d\u0e40\u0e25\u0e48\u0e21\u0e19\u0e35\u0e49\u0e40\u0e1b\u0e47\u0e19\u0e02\u0e2d\u0e07\u0e02\u0e27\u0e31\u0e0d\u0e41\u0e2b\u0e48\u0e07\u0e04\u0e27\u0e32\u0e21\u0e23\u0e31\u0e01 \u0e21\u0e2d\u0e1a\u0e43\u0e2b\u0e49\u0e42\u0e14\u0e22\u0e1c\u0e39\u0e49\u0e40\u0e0a\u0e37\u0e48\u0e2d\u0e17\u0e35\u0e48\u0e40\u0e2b\u0e21\u0e37\u0e2d\u0e19\u0e01\u0e31\u0e1a\u0e04\u0e38\u0e13\u0e14\u0e49\u0e27\u0e22\u0e04\u0e27\u0e32\u0e21\u0e40\u0e15\u0e47\u0e21\u0e43\u0e08 Vietnamese Nam h\u1ecdc c\u1ea7u nguy\u1ec7n [Nam] Cu\u1ed1n s\u00e1ch n\u00e0y l\u00e0 m\u00f3n qu\u00e0 y\u00eau th\u01b0\u01a1ng, \u0111\u01b0\u1ee3c trao t\u1eb7ng c\u00e1ch vui l\u00f2ng b\u1edfi [&hellip;]<\/p>\n","protected":false},"author":1,"featured_media":0,"parent":0,"menu_order":0,"comment_status":"closed","ping_status":"closed","template":"","meta":{"_angie_page":false,"footnotes":""},"class_list":["post-2813","page","type-page","status-publish","hentry"],"yoast_head":"<!-- This site is optimized with the Yoast SEO plugin v27.4 - https:\/\/yoast.com\/product\/yoast-seo-wordpress\/ -->\n<title>Henry Learns to PrayTranslations - LIGHTKEEPER BOOKS<\/title>\n<meta name=\"robots\" content=\"index, follow, max-snippet:-1, max-image-preview:large, max-video-preview:-1\" \/>\n<link rel=\"canonical\" href=\"https:\/\/lightkeeperbooks.com\/index.php\/henry-learns-to-praytranslations\/\" \/>\n<meta property=\"og:locale\" content=\"en_US\" \/>\n<meta property=\"og:type\" content=\"article\" \/>\n<meta property=\"og:title\" content=\"Henry Learns to PrayTranslations - LIGHTKEEPER BOOKS\" \/>\n<meta property=\"og:description\" content=\"Henry Learns to Pray Translations Japanese \u306f\u308b\u304d\u306f\u304a\u7948\u308a\u3092\u5b66\u3073\u307e\u3059 [Haruki] \u3053\u306e\u672c\u306f\u3001\u3042\u306a\u305f\u306e\u3088\u3046\u306a\u4fe1\u4ef0\u8005\u305f\u3061\u304c\u611b\u3092\u8fbc\u3081\u3066\u7121\u511f\u3067\u5dee\u3057\u51fa\u3057\u305f\u8d08\u308a\u7269\u3067\u3059\u3002 Korean \uc900\ud638\ub294 \uae30\ub3c4\ud558\ub294 \ubc95\uc744 \ubc30\uc6cc\uc694 [Joon-ho] \uc774 \ucc45\uc740 \uc5ec\ub7ec\ubd84\uacfc \uac19\uc740 \ubbff\uc74c\uc758 \uc0ac\ub78c\ub4e4\uc774 \uc0ac\ub791\uc73c\ub85c \uae30\uaebc\uc774 \uc804\ud574\uc900 \uc120\ubb3c\uc785\ub2c8\ub2e4. Mandarin \u5c0f\u660e\u5b66\u4f1a\u4e86\u7977\u544a [Xiaoming] \u8fd9\u672c\u4e66\u662f\u4e00\u4efd\u6ee1\u6709\u7231\u5fc3\u7684\u793c\u7269\uff0c\u7531\u50cf\u4f60\u4e00\u6837\u7684\u4fe1\u5f92\u7518\u5fc3\u9001\u51fa\u3002 Thai \u0e18\u0e31\u0e19\u0e27\u0e32\u0e40\u0e23\u0e35\u0e22\u0e19\u0e23\u0e39\u0e49\u0e17\u0e35\u0e48\u0e08\u0e30\u0e2d\u0e18\u0e34\u0e29\u0e10\u0e32\u0e19 [Thanwa] \u0e2b\u0e19\u0e31\u0e07\u0e2a\u0e37\u0e2d\u0e40\u0e25\u0e48\u0e21\u0e19\u0e35\u0e49\u0e40\u0e1b\u0e47\u0e19\u0e02\u0e2d\u0e07\u0e02\u0e27\u0e31\u0e0d\u0e41\u0e2b\u0e48\u0e07\u0e04\u0e27\u0e32\u0e21\u0e23\u0e31\u0e01 \u0e21\u0e2d\u0e1a\u0e43\u0e2b\u0e49\u0e42\u0e14\u0e22\u0e1c\u0e39\u0e49\u0e40\u0e0a\u0e37\u0e48\u0e2d\u0e17\u0e35\u0e48\u0e40\u0e2b\u0e21\u0e37\u0e2d\u0e19\u0e01\u0e31\u0e1a\u0e04\u0e38\u0e13\u0e14\u0e49\u0e27\u0e22\u0e04\u0e27\u0e32\u0e21\u0e40\u0e15\u0e47\u0e21\u0e43\u0e08 Vietnamese Nam h\u1ecdc c\u1ea7u nguy\u1ec7n [Nam] Cu\u1ed1n s\u00e1ch n\u00e0y l\u00e0 m\u00f3n qu\u00e0 y\u00eau th\u01b0\u01a1ng, \u0111\u01b0\u1ee3c trao t\u1eb7ng c\u00e1ch vui l\u00f2ng b\u1edfi [&hellip;]\" \/>\n<meta property=\"og:url\" content=\"https:\/\/lightkeeperbooks.com\/index.php\/henry-learns-to-praytranslations\/\" \/>\n<meta property=\"og:site_name\" content=\"LIGHTKEEPER BOOKS\" \/>\n<meta property=\"article:publisher\" content=\"https:\/\/www.facebook.com\/lightkeeperbooks\" \/>\n<meta name=\"twitter:card\" content=\"summary_large_image\" \/>\n<script type=\"application\/ld+json\" class=\"yoast-schema-graph\">{\"@context\":\"https:\\\/\\\/schema.org\",\"@graph\":[{\"@type\":\"WebPage\",\"@id\":\"https:\\\/\\\/lightkeeperbooks.com\\\/index.php\\\/henry-learns-to-praytranslations\\\/\",\"url\":\"https:\\\/\\\/lightkeeperbooks.com\\\/index.php\\\/henry-learns-to-praytranslations\\\/\",\"name\":\"Henry Learns to PrayTranslations - LIGHTKEEPER BOOKS\",\"isPartOf\":{\"@id\":\"https:\\\/\\\/lightkeeperbooks.com\\\/#website\"},\"datePublished\":\"2026-02-09T03:52:48+00:00\",\"breadcrumb\":{\"@id\":\"https:\\\/\\\/lightkeeperbooks.com\\\/index.php\\\/henry-learns-to-praytranslations\\\/#breadcrumb\"},\"inLanguage\":\"en-US\",\"potentialAction\":[{\"@type\":\"ReadAction\",\"target\":[\"https:\\\/\\\/lightkeeperbooks.com\\\/index.php\\\/henry-learns-to-praytranslations\\\/\"]}]},{\"@type\":\"BreadcrumbList\",\"@id\":\"https:\\\/\\\/lightkeeperbooks.com\\\/index.php\\\/henry-learns-to-praytranslations\\\/#breadcrumb\",\"itemListElement\":[{\"@type\":\"ListItem\",\"position\":1,\"name\":\"Home\",\"item\":\"https:\\\/\\\/lightkeeperbooks.com\\\/\"},{\"@type\":\"ListItem\",\"position\":2,\"name\":\"Henry Learns to PrayTranslations\"}]},{\"@type\":\"WebSite\",\"@id\":\"https:\\\/\\\/lightkeeperbooks.com\\\/#website\",\"url\":\"https:\\\/\\\/lightkeeperbooks.com\\\/\",\"name\":\"LIGHTKEEPER BOOKS\",\"description\":\"\",\"publisher\":{\"@id\":\"https:\\\/\\\/lightkeeperbooks.com\\\/#organization\"},\"potentialAction\":[{\"@type\":\"SearchAction\",\"target\":{\"@type\":\"EntryPoint\",\"urlTemplate\":\"https:\\\/\\\/lightkeeperbooks.com\\\/?s={search_term_string}\"},\"query-input\":{\"@type\":\"PropertyValueSpecification\",\"valueRequired\":true,\"valueName\":\"search_term_string\"}}],\"inLanguage\":\"en-US\"},{\"@type\":\"Organization\",\"@id\":\"https:\\\/\\\/lightkeeperbooks.com\\\/#organization\",\"name\":\"LIGHTKEEPER BOOKS\",\"url\":\"https:\\\/\\\/lightkeeperbooks.com\\\/\",\"logo\":{\"@type\":\"ImageObject\",\"inLanguage\":\"en-US\",\"@id\":\"https:\\\/\\\/lightkeeperbooks.com\\\/#\\\/schema\\\/logo\\\/image\\\/\",\"url\":\"https:\\\/\\\/lightkeeperbooks.com\\\/wp-content\\\/uploads\\\/2023\\\/12\\\/LKP_Hrzt_Color.png\",\"contentUrl\":\"https:\\\/\\\/lightkeeperbooks.com\\\/wp-content\\\/uploads\\\/2023\\\/12\\\/LKP_Hrzt_Color.png\",\"width\":1837,\"height\":379,\"caption\":\"LIGHTKEEPER BOOKS\"},\"image\":{\"@id\":\"https:\\\/\\\/lightkeeperbooks.com\\\/#\\\/schema\\\/logo\\\/image\\\/\"},\"sameAs\":[\"https:\\\/\\\/www.facebook.com\\\/lightkeeperbooks\"]}]}<\/script>\n<!-- \/ Yoast SEO plugin. -->","yoast_head_json":{"title":"Henry Learns to PrayTranslations - LIGHTKEEPER BOOKS","robots":{"index":"index","follow":"follow","max-snippet":"max-snippet:-1","max-image-preview":"max-image-preview:large","max-video-preview":"max-video-preview:-1"},"canonical":"https:\/\/lightkeeperbooks.com\/index.php\/henry-learns-to-praytranslations\/","og_locale":"en_US","og_type":"article","og_title":"Henry Learns to PrayTranslations - LIGHTKEEPER BOOKS","og_description":"Henry Learns to Pray Translations Japanese \u306f\u308b\u304d\u306f\u304a\u7948\u308a\u3092\u5b66\u3073\u307e\u3059 [Haruki] \u3053\u306e\u672c\u306f\u3001\u3042\u306a\u305f\u306e\u3088\u3046\u306a\u4fe1\u4ef0\u8005\u305f\u3061\u304c\u611b\u3092\u8fbc\u3081\u3066\u7121\u511f\u3067\u5dee\u3057\u51fa\u3057\u305f\u8d08\u308a\u7269\u3067\u3059\u3002 Korean \uc900\ud638\ub294 \uae30\ub3c4\ud558\ub294 \ubc95\uc744 \ubc30\uc6cc\uc694 [Joon-ho] \uc774 \ucc45\uc740 \uc5ec\ub7ec\ubd84\uacfc \uac19\uc740 \ubbff\uc74c\uc758 \uc0ac\ub78c\ub4e4\uc774 \uc0ac\ub791\uc73c\ub85c \uae30\uaebc\uc774 \uc804\ud574\uc900 \uc120\ubb3c\uc785\ub2c8\ub2e4. Mandarin \u5c0f\u660e\u5b66\u4f1a\u4e86\u7977\u544a [Xiaoming] \u8fd9\u672c\u4e66\u662f\u4e00\u4efd\u6ee1\u6709\u7231\u5fc3\u7684\u793c\u7269\uff0c\u7531\u50cf\u4f60\u4e00\u6837\u7684\u4fe1\u5f92\u7518\u5fc3\u9001\u51fa\u3002 Thai \u0e18\u0e31\u0e19\u0e27\u0e32\u0e40\u0e23\u0e35\u0e22\u0e19\u0e23\u0e39\u0e49\u0e17\u0e35\u0e48\u0e08\u0e30\u0e2d\u0e18\u0e34\u0e29\u0e10\u0e32\u0e19 [Thanwa] \u0e2b\u0e19\u0e31\u0e07\u0e2a\u0e37\u0e2d\u0e40\u0e25\u0e48\u0e21\u0e19\u0e35\u0e49\u0e40\u0e1b\u0e47\u0e19\u0e02\u0e2d\u0e07\u0e02\u0e27\u0e31\u0e0d\u0e41\u0e2b\u0e48\u0e07\u0e04\u0e27\u0e32\u0e21\u0e23\u0e31\u0e01 \u0e21\u0e2d\u0e1a\u0e43\u0e2b\u0e49\u0e42\u0e14\u0e22\u0e1c\u0e39\u0e49\u0e40\u0e0a\u0e37\u0e48\u0e2d\u0e17\u0e35\u0e48\u0e40\u0e2b\u0e21\u0e37\u0e2d\u0e19\u0e01\u0e31\u0e1a\u0e04\u0e38\u0e13\u0e14\u0e49\u0e27\u0e22\u0e04\u0e27\u0e32\u0e21\u0e40\u0e15\u0e47\u0e21\u0e43\u0e08 Vietnamese Nam h\u1ecdc c\u1ea7u nguy\u1ec7n [Nam] Cu\u1ed1n s\u00e1ch n\u00e0y l\u00e0 m\u00f3n qu\u00e0 y\u00eau th\u01b0\u01a1ng, \u0111\u01b0\u1ee3c trao t\u1eb7ng c\u00e1ch vui l\u00f2ng b\u1edfi [&hellip;]","og_url":"https:\/\/lightkeeperbooks.com\/index.php\/henry-learns-to-praytranslations\/","og_site_name":"LIGHTKEEPER BOOKS","article_publisher":"https:\/\/www.facebook.com\/lightkeeperbooks","twitter_card":"summary_large_image","schema":{"@context":"https:\/\/schema.org","@graph":[{"@type":"WebPage","@id":"https:\/\/lightkeeperbooks.com\/index.php\/henry-learns-to-praytranslations\/","url":"https:\/\/lightkeeperbooks.com\/index.php\/henry-learns-to-praytranslations\/","name":"Henry Learns to PrayTranslations - LIGHTKEEPER BOOKS","isPartOf":{"@id":"https:\/\/lightkeeperbooks.com\/#website"},"datePublished":"2026-02-09T03:52:48+00:00","breadcrumb":{"@id":"https:\/\/lightkeeperbooks.com\/index.php\/henry-learns-to-praytranslations\/#breadcrumb"},"inLanguage":"en-US","potentialAction":[{"@type":"ReadAction","target":["https:\/\/lightkeeperbooks.com\/index.php\/henry-learns-to-praytranslations\/"]}]},{"@type":"BreadcrumbList","@id":"https:\/\/lightkeeperbooks.com\/index.php\/henry-learns-to-praytranslations\/#breadcrumb","itemListElement":[{"@type":"ListItem","position":1,"name":"Home","item":"https:\/\/lightkeeperbooks.com\/"},{"@type":"ListItem","position":2,"name":"Henry Learns to PrayTranslations"}]},{"@type":"WebSite","@id":"https:\/\/lightkeeperbooks.com\/#website","url":"https:\/\/lightkeeperbooks.com\/","name":"LIGHTKEEPER BOOKS","description":"","publisher":{"@id":"https:\/\/lightkeeperbooks.com\/#organization"},"potentialAction":[{"@type":"SearchAction","target":{"@type":"EntryPoint","urlTemplate":"https:\/\/lightkeeperbooks.com\/?s={search_term_string}"},"query-input":{"@type":"PropertyValueSpecification","valueRequired":true,"valueName":"search_term_string"}}],"inLanguage":"en-US"},{"@type":"Organization","@id":"https:\/\/lightkeeperbooks.com\/#organization","name":"LIGHTKEEPER BOOKS","url":"https:\/\/lightkeeperbooks.com\/","logo":{"@type":"ImageObject","inLanguage":"en-US","@id":"https:\/\/lightkeeperbooks.com\/#\/schema\/logo\/image\/","url":"https:\/\/lightkeeperbooks.com\/wp-content\/uploads\/2023\/12\/LKP_Hrzt_Color.png","contentUrl":"https:\/\/lightkeeperbooks.com\/wp-content\/uploads\/2023\/12\/LKP_Hrzt_Color.png","width":1837,"height":379,"caption":"LIGHTKEEPER BOOKS"},"image":{"@id":"https:\/\/lightkeeperbooks.com\/#\/schema\/logo\/image\/"},"sameAs":["https:\/\/www.facebook.com\/lightkeeperbooks"]}]}},"lang":"en","translations":{"en":2813},"pll_sync_post":[],"_links":{"self":[{"href":"https:\/\/lightkeeperbooks.com\/index.php\/wp-json\/wp\/v2\/pages\/2813","targetHints":{"allow":["GET"]}}],"collection":[{"href":"https:\/\/lightkeeperbooks.com\/index.php\/wp-json\/wp\/v2\/pages"}],"about":[{"href":"https:\/\/lightkeeperbooks.com\/index.php\/wp-json\/wp\/v2\/types\/page"}],"author":[{"embeddable":true,"href":"https:\/\/lightkeeperbooks.com\/index.php\/wp-json\/wp\/v2\/users\/1"}],"replies":[{"embeddable":true,"href":"https:\/\/lightkeeperbooks.com\/index.php\/wp-json\/wp\/v2\/comments?post=2813"}],"version-history":[{"count":0,"href":"https:\/\/lightkeeperbooks.com\/index.php\/wp-json\/wp\/v2\/pages\/2813\/revisions"}],"wp:attachment":[{"href":"https:\/\/lightkeeperbooks.com\/index.php\/wp-json\/wp\/v2\/media?parent=2813"}],"curies":[{"name":"wp","href":"https:\/\/api.w.org\/{rel}","templated":true}]}}